{"id":63,"date":"2019-07-14T20:51:20","date_gmt":"2019-07-14T20:51:20","guid":{"rendered":"https:\/\/wl26www225.webland.ch\/vanderstaay\/?page_id=63"},"modified":"2019-11-16T21:22:35","modified_gmt":"2019-11-16T21:22:35","slug":"ueber-mich","status":"publish","type":"page","link":"https:\/\/www.vanderstaay.ch\/","title":{"rendered":"\u00dcber mich"},"content":{"rendered":"\r\n<figure class=\"wp-block-image\"><img loading=\"lazy\" width=\"1024\" height=\"959\" src=\"https:\/\/www.vanderstaay\/wp-content\/uploads\/2019\/07\/DSC04743-e1562424109203-1024x959.jpg\" alt=\"\" class=\"wp-image-17\" srcset=\"https:\/\/www.vanderstaay.ch\/wp-content\/uploads\/2019\/07\/DSC04743-e1562424109203-1024x959.jpg 1024w, https:\/\/www.vanderstaay.ch\/wp-content\/uploads\/2019\/07\/DSC04743-e1562424109203-300x281.jpg 300w, https:\/\/www.vanderstaay.ch\/wp-content\/uploads\/2019\/07\/DSC04743-e1562424109203-768x719.jpg 768w, https:\/\/www.vanderstaay.ch\/wp-content\/uploads\/2019\/07\/DSC04743-e1562424109203-320x300.jpg 320w, https:\/\/www.vanderstaay.ch\/wp-content\/uploads\/2019\/07\/DSC04743-e1562424109203.jpg 1203w\" sizes=\"(max-width: 1024px) 100vw, 1024px\" \/><\/figure>\r\n\r\n\r\n\r\n<p><br>Ich heisse <strong>Elisabeth<\/strong> <strong>van<\/strong> <strong>der<\/strong> <strong>Staay<\/strong> und biete  Sprachunterricht in Franz\u00f6sisch und Englisch an. Speziell m\u00f6chte ich Sie auf internationale Diplome in diesen Sprachen vorbereiten.<\/p>\r\n\r\n\r\n\r\n<p>Meine Ausbildung habe ich an der Universit\u00e9 Sorbonne III in Paris erhalten, wo ich in franz\u00f6sischer Literatur und Linguistik doktoriert und einen Master in Englisch erworben habe. In Neuch\u00e2tel und Basel habe ich mich auf das Diplom f\u00fcr das h\u00f6here Lehramt (Gymnasiallehrerdiplom) vorbereitet, welches ich am Lehrerseminar in Basel erhalten habe.<\/p>\r\n\r\n\r\n\r\n<p>Meine berufliche Erfahrung erstreckt sich von 4 Jahren T\u00e4tigkeit auf einer Bank \u00fcber Unterricht an Berufsmittelschulen und Gymnasien bis zur Fachhochschule sowie zu Kursen in der Erwachsenenbildung.<\/p>\r\n\r\n\r\n\r\n<p>Ich habe 2 Jahre in Genf, 6 Jahre in Paris und 1 Jahr in Cambridge (England) gelebt. Heute lebe ich mit meiner Familie in Remetschwil AG.<br><\/p>\r\n\r\n\r\n<p>Bericht im Amtsblatt der Gemeinde Remetschwil: <a href=\"https:\/\/www.niederrohrdorf.ch\/de\/aktuelles\/bergpost\/dok_geschaeft.php?did=ad917d643ace47daa62eae5c13bbbb3c-332&#038;geschaeft=Bergpost&#038;filename=Ausgabe_vom_13.11.2019&#038;v=1&#038;r=Original&#038;typ=pdf\">Bergpost vom 13.11.2019, Seite 13<\/a><p>","protected":false},"excerpt":{"rendered":"<p>Ich heisse Elisabeth van der Staay und biete Sprachunterricht in Franz\u00f6sisch und Englisch an. Speziell m\u00f6chte ich Sie auf internationale Diplome in diesen Sprachen vorbereiten. Meine Ausbildung habe ich an der Universit\u00e9 Sorbonne III in Paris erhalten, wo ich in &hellip; <a href=\"https:\/\/www.vanderstaay.ch\/\">Weiterlesen <span class=\"meta-nav\">&rarr;<\/span><\/a><\/p>\n","protected":false},"author":1,"featured_media":0,"parent":0,"menu_order":0,"comment_status":"closed","ping_status":"closed","template":"","meta":[],"_links":{"self":[{"href":"https:\/\/www.vanderstaay.ch\/index.php?rest_route=\/wp\/v2\/pages\/63"}],"collection":[{"href":"https:\/\/www.vanderstaay.ch\/index.php?rest_route=\/wp\/v2\/pages"}],"about":[{"href":"https:\/\/www.vanderstaay.ch\/index.php?rest_route=\/wp\/v2\/types\/page"}],"author":[{"embeddable":true,"href":"https:\/\/www.vanderstaay.ch\/index.php?rest_route=\/wp\/v2\/users\/1"}],"replies":[{"embeddable":true,"href":"https:\/\/www.vanderstaay.ch\/index.php?rest_route=%2Fwp%2Fv2%2Fcomments&post=63"}],"version-history":[{"count":9,"href":"https:\/\/www.vanderstaay.ch\/index.php?rest_route=\/wp\/v2\/pages\/63\/revisions"}],"predecessor-version":[{"id":125,"href":"https:\/\/www.vanderstaay.ch\/index.php?rest_route=\/wp\/v2\/pages\/63\/revisions\/125"}],"wp:attachment":[{"href":"https:\/\/www.vanderstaay.ch\/index.php?rest_route=%2Fwp%2Fv2%2Fmedia&parent=63"}],"curies":[{"name":"wp","href":"https:\/\/api.w.org\/{rel}","templated":true}]}}